 - 2*h - 3. Let f be n(4). Suppose 4*o - 8 + 24 = -3*g, -g = f*o + 9. What is the units digit of (g/5)/(6/(-15))?
2
Suppose -4*k + 130 = k. What is the tens digit of k?
2
Suppose -9 - 39 = 4*b. Let z = -3 - b. Suppose -k - 4*u + z = 0, -4*k = -3*k - 5*u. What is the units digit of k?
5
Let x(y) = 7*y**2 - 2*y + 1. What is the tens digit of x(-2)?
3
Let m = 3 + -1. Suppose 4*j = 12, -m*j - 21 = -3*l + 33. Suppose -2*x + l = 4*a + 4, 3*a = -x + 12. What is the units digit of a?
4
Let u(v) = -5*v + v**2 - 2*v**2 + 10 - 7. Let j be u(-5). Suppose 4*r + 2 = -5*f, -j*f = 3*r - 0*f. What is the units digit of r?
2
Suppose -10 + 26 = 4*j. What is the units digit of j?
4
Let a be (3 + (0 - 3))/(-1). Suppose 4*j - 2*r = 168, 2*r + 128 = 3*j - a*j. What is the tens digit of j?
4
Let j = 40 - 20. What is the units digit of j?
0
Suppose 14 + 21 = d. Suppose 4 + d = 3*n. What is the units digit of n?
3
Suppose 2*x = -3*x + 770. What is the hundreds digit of x?
1
Suppose 8*u = 3*u + 20. Let x = u + -4. What is the units digit of (-21)/(-3) + x + 0?
7
Let c be (-3)/15 + 102/10. Suppose -2*f = 3*f - c. Suppose -f*i + 3*i - 5 = 0. What is the units digit of i?
5
Let t = 8 - 11. Let p(q) = -q**3 + 4. What is the tens digit of p(t)?
3
Let x(b) = b**3 + 8*b**2 + 6*b + 1. Let s = -8 + 6. Let k be 7/2*(s - 0). What is the units digit of x(k)?
8
Let k be (4/(-6))/((-6)/27). Suppose 0 = -b + u + k, b + 2*b - 4 = 4*u. What is the units digit of b?
8
Suppose 3*i - 534 = -4*k, -534 = -3*i + 4*k - k. What is the hundreds digit of i?
1
Let r(m) be the first derivative of m**4/4 + 2*m**3 - m**2 - 8*m + 1. What is the units digit of r(-6)?
4
What is the units digit of (-5 - -4)/((-1)/8 - 0)?
8
Suppose 2*i - 75 - 41 = 0. What is the units digit of i?
8
Let p(i) = -7*i**3 + 3*i**2 - 14*i + 8. Let f(c) = -2*c**3 + c**2 - 5*c + 3. Let b(g) = 11*f(g) - 4*p(g). What is the tens digit of b(2)?
4
Let b(d) = -42*d - 7. What is the hundreds digit of b(-3)?
1
What is the units digit of 18/(-144) - 242/(-16)?
5
Let a(c) = -3*c**2 + 3*c + 2. Let s(o) = 3*o**2 - 4*o - 3. Let v(l) = -4*a(l) - 3*s(l). What is the units digit of v(1)?
4
Let w(n) = 6 - 3*n - 13 - n**3 + 6*n**2 + 0*n**2. What is the units digit of w(5)?
3
Let z(c) = -c**3 - 15*c**2 - c + 7. Let r be z(-15). Let g = 39 - r. What is the tens digit of g?
1
Suppose 0*w - w + 9 = 0. Let s = 14 - w. Suppose -4*z + 19 = g, 2*z + 19 = 3*z + s*g. What is the units digit of z?
4
Suppose s + 3*s - 20 = 0. Suppose -22 = -3*p + 2*f, 3*p + s + 8 = -5*f. What is the units digit of p?
4
Suppose 5*q = 4*z - 2*z - 81, -z = -q - 33. Let m = z - 1. What is the units digit of m?
7
Suppose -8*x - 630 = -6*x. What is the tens digit of (0 - -2) + x/(-15)?
2
Let j be -1 + 4/((-16)/(-12)). Suppose 24 = j*o - 3*s, o - 3*o - s + 24 = 0. What is the units digit of o?
2
Let r(h) = -19*h**2 + 2*h + 5. Let w(x) = 57*x**2 - 6*x - 14. Let a(s) = 17*r(s) + 6*w(s). What is the units digit of a(1)?
8
Let j(i) = -13*i**2 - 4*i. Let t be j(-4). What is the tens digit of (2 - 1)*t/(-6)?
3
Let f(l) = 3*l**2 + 5*l - 2. Let s(i) = 4*i**2 + 5*i - 1. Let q(a) = -3*f(a) + 2*s(a). Let y be q(-4). Suppose 10 + y = 2*b. What is the units digit of b?
9
Let h = 121 + -86. What is the units digit of h?
5
Let y(h) = -h**2 - 2*h + 2. Let z be y(-3). Let v be 10/(-15) - z/(-3). What is the units digit of 2 + 12/2 + v?
7
Suppose i = -346 + 22. What is the units digit of i/(-42) + 4/14?
8
Suppose 0 + 144 = 4*t + 4*z, 3*t + 5*z - 104 = 0. What is the units digit of t?
8
Suppose -5*a - 69 = 21. Let r(v) = -4*v - 7. Let x be r(5). Let p = a - x. What is the units digit of p?
9
Let o(c) = -2*c. Let u(y) = y**2 - y. Let j be u(0). Let p be (j - 2)*(3 - 0). What is the units digit of o(p)?
2
Let z = -78 - -189. What is the units digit of z?
1
Let a = 134 + -53. What is the units digit of a?
1
Let c(j) = -j + 2. Let g be c(3). Let v = g + -1. What is the units digit of v + 4 - -6 - 0?
8
Let b be 21/(2 - 0 - 1). Suppose h - 2*h - b = 0. Let u = h + 30. What is the units digit of u?
9
Let h(x) = -x**3 - 10*x**2 - x - 5. Let u(t) = -t**3 + 4*t**2 + 2*t - 6. Let d be u(4). Suppose -r = d*r + 30. What is the units digit of h(r)?
5
Suppose -9*d = -1239 - 1857. What is the hundreds digit of d?
3
Suppose -2*d + 64 = -22. What is the tens digit of d?
4
Let a(f) = 3*f**3 - f**2 + 3*f - 2. Suppose 0 = -5*z - r + 8, -2*r - 9 = -5*r. What is the units digit of a(z)?
3
Let m be 33/7 - (-2)/7. Suppose 4*i + m = 41. What is the units digit of i?
9
Suppose -4*a = -49 - 51. What is the tens digit of a?
2
Let x be 10/15 - (-28)/(-6). What is the tens digit of (10/(-4))/(1/x)?
1
Let z(r) = -4*r - 3. Let j be z(-2). Suppose 2*b - 4*b + j = 5*f, -3*b + 3*f = 3. Suppose 40 = -b*a + 5*a. What is the units digit of a?
8
Let p be 10 + ((-4)/(-1))/4. Let z = p + 7. What is the units digit of z?
8
Let o(l) = -l**2 - 11*l + 6. What is the tens digit of o(-9)?
2
Let y(h) = h**2 + 2*h + 5. Let q be y(-5). Let t = q - -3. What is the units digit of t?
3
Let k = 10 - 7. Suppose 20 = -2*g - k*g. What is the tens digit of (-136)/(-10) - g/10?
1
Let b = 0 + 0. Let h(w) = -6 + 2 + b*w - w. What is the units digit of h(-8)?
4
Let d(g) = g**3 - g**2 - g. Let v be d(-1). Let k be (v/3)/1*0. Let n = k + 13. What is the tens digit of n?
1
Suppose -186 = -10*z + 7*z. What is the units digit of z?
2
Let c be 18/8 - (-15)/20. Suppose 3 = v - c. What is the units digit of v?
6
Let c = -24 + 49. What is the units digit of c?
5
Let s = -16 + 20. What is the units digit of s?
4
Let q(r) = r**2 - 4*r. Let w be q(4). Let b = w - -10. Suppose 2*g - b = -0*g. What is the units digit of g?
5
Let u = 59 + -36. What is the units digit of u?
3
Let k = 2 + 26. What is the units digit of k?
8
Let j = 18 - -135. What is the tens digit of j?
5
What is the units digit of (114/4)/((-12)/(-24))?
7
Suppose -6 = -4*n - 2. Let p be 14/4 + n/2. Suppose h = -p + 5. What is the units digit of h?
1
Let v be 23 - (-2 - (-6 + 4)). Let r = -13 + v. What is the tens digit of r?
1
Let s be (-42)/(-3*2/3). Suppose 2*u + 3*u = -55. Let r = s + u. What is the units digit of r?
0
Suppose 2*y - f - 35 = 0, -5*y + 93 = -2*f + 5*f. What is the tens digit of y?
1
Let n = 60 - 40. What is the units digit of n/3*12/10?
8
Let j = -8 + 1. Let p = j - -45. Suppose 0 = -5*t - 3*n - 5 + p, 0 = t + 3*n - 9. What is the units digit of t?
6
Let w = -9 + 13. Suppose -w*h - 12 = -j + 5*j, 2*h = -5*j - 3. What is the units digit of j?
1
Let i(v) = -2 + v + v**2 + 3 + 10*v**2. Let q be i(-1). Suppose q = 4*w - 21. What is the units digit of w?
8
Let c(u) = -10 + u - 5 - 4*u - 5. What is the units digit of c(-8)?
4
Let h = 2 + 40. What is the units digit of h?
2
Suppose -6 = 3*l - 6*l. Suppose 7 = l*y - 3. What is the units digit of y?
5
Suppose 6*f + f - 14 = 0. Let d(z) = 14*z + 2. What is the units digit of d(f)?
0
Let c be -1 - -3*8/6. Suppose -2*m = -2*v + 15 - 1, 0 = c*v - 2*m - 26. What is the units digit of v?
2
Let o be (-26)/(-8) + (-2)/8. Suppose 3*l - 4*z - z = -10, -o*l + 2*z + 5 = 0. Suppose 7 + 3 = l*x. What is the units digit of x?
2
Let w(u) = 4*u**3 - 2*u**2 + u. Let z be w(1). What is the units digit of ((-5)/z)/(2/(-6))?
5
Suppose 4*j + 270 = -j. Let y be (-2 - 9/(-6))*j. Suppose -4*u + y = -9. What is the units digit of u?
9
Suppose -3*t = 15 - 51. What is the tens digit of t?
1
Let k(z) = -2*z**2 + 1 - 5*z**3 + 0*z**2 + 0. Suppose 2*a + 5 - 3 = 0. What is the units digit of k(a)?
4
Let x = 108 + -86. What is the units digit of x?
2
Let w(p) = -22*p - 3. What is the units digit of w(-4)?
5
Let k be (0 - -1) + (-2)/(-2). Let d(u) = 2*u - 1. What is the units digit of d(k)?
3
Let g(m) be the first derivative of 4*m**2 - 3*m + 6. What is the units digit of g(2)?
3
Suppose 2*n - 2 = 4*n. Let x be n*(2 - (-1 + -2)). What is the units digit of (35/4)/x*-4?
7
Let j(o) = o**2 - 7*o + 4. Let c(p) = -p**2 + 11*p - 3. Let g be c(10). Let q be j(g). Suppose 3*d = a - 19 + 74, -4*d - q*a = -52. What is the tens digit of d?
1
Suppose -139 - 43 = -7*w. What is the tens digit of w?
2
Let o(m) = 8*m - 1. Let j = -18 + 19. What is the units digit of o(j)?
7
Let a(x) = 10*x + 4. Let c be a(4). Suppose -3*z = -7 - c. What is the units digit of z?
7
Suppose -4*k + 2*r = 12, 3*k + 5